 digit of r?
1
Let l(v) = v**2 - 3*v - 6. Let r be l(5). Suppose c = -r*c + 25. Suppose 0 = -5*f - 4*n + 81, -4*f + c*n = -3*f - 22. What is the units digit of f?
7
Let a be (-2)/8 + (-3)/4. Let z = a - -3. What is the units digit of z?
2
Suppose 5*t - 60 = -3*x, 3*t = 4*x - 2 + 9. What is the units digit of 1*23 + (-27)/t?
0
Let w = -8 - -14. Suppose 2*x + w = 0, -4*k - 4 = -3*k + 2*x. What is the units digit of k?
2
Let o(j) = -6*j + 11. What is the tens digit of o(-7)?
5
Suppose -2*v + 7 + 3 = 0. Suppose 45 = 3*t - m, v*t - 75 = -m + 3*m. What is the units digit of t?
5
Suppose -10*n + 458 = -1052. What is the hundreds digit of n?
1
Let n(z) = -4*z - 12. What is the tens digit of n(-9)?
2
Let n = 9 + -9. Suppose n = 16*f - 12*f - 104. What is the units digit of f?
6
Suppose 2*w = 5*s - 97 - 64, 0 = -3*s - 2*w + 87. What is the units digit of s?
1
Let l(v) = -20*v - 20. What is the tens digit of l(-4)?
6
Let d = -1 - -1. Suppose 4*n - 3*n - 4 = d. What is the units digit of n?
4
Suppose -7 = -2*a + 1. Suppose p - 4*k + 4 = 13, -a = -2*k. What is the units digit of p?
7
Let o = -45 + 73. Let i = o + 1. What is the units digit of i?
9
Suppose -150 - 60 = 5*i. Let a be 4/(-8) - i/4. Suppose -2*t - 6 = 0, -t = -5*n - a + 48. What is the units digit of n?
7
Let d = 0 - 0. Suppose 4*w - 12 = -2*h - d*h, 3*h - 2*w = -6. What is the units digit of 6/(h - (-3)/2)?
4
Let b(k) = -10*k - 11. Let d be b(-8). Suppose -345 = -5*w - 2*t, -w + d = -5*t - 0*t. Suppose -5*h + w = 14. What is the tens digit of h?
1
Let u(k) = -k**2 + 8*k - 11. Let o be u(6). Let v(m) = -m + 5*m + 0*m. What is the units digit of v(o)?
4
Let o(n) = -n**2 + 5*n + 6. Let a be o(6). Suppose a*j = -j + 1. Suppose -4 = -t + j. What is the units digit of t?
5
Suppose p - 1 = -2*z, 5 = 3*z + 14. What is the units digit of p?
7
Let l(f) = -f**3 - f**2 - 4*f - 2. What is the tens digit of l(-4)?
6
Let z(y) = -y + 4. Let b be z(4). Suppose 0*s - s + 27 = b. What is the units digit of s?
7
Let r(t) = -t**3 - 1. Let v be r(-1). Let d be v + ((-2)/1 - 0). Let f = d + 9. What is the units digit of f?
7
Let f be 14/(2/(-32)*-4). Suppose -5*s + 20 = -3*u - 33, -4*s - u = -f. What is the tens digit of s?
1
Suppose -5*m + y - 41 = 0, -2*y - 3*y = 20. Let f = m - -14. What is the units digit of f?
5
Suppose g - 2 = -0. Suppose g = 5*u - 3. What is the units digit of u?
1
Let g(t) = t**3 + 4*t**2 + 3*t - 2. Let y be g(-3). What is the units digit of (-80)/(-12) - y/6?
7
Let x be (-12)/(5 + -2) - -1. Let q(o) = -o**3 - 3*o**2 - 5*o - 2. What is the units digit of q(x)?
3
Let n(d) = d**2 + 3*d - 4. Let g(p) = p**3 + 4*p**2 - 3*p + 3. Let h be g(-5). What is the units digit of n(h)?
4
Let z(g) = g + 5. Let a be z(0). Suppose -2 + a = o. What is the units digit of (-14)/3*o/(-2)?
7
Let i(k) = k**3 + 4*k**2 - 3*k - 5. Let p be i(-4). Let b = p - -16. What is the units digit of b?
3
Let m(n) = -6*n + 86. What is the units digit of m(0)?
6
Suppose 2*q - 7*q = 10. What is the tens digit of 22 + q*(-2)/4?
2
What is the tens digit of (27/4 + (-10)/(-40))*51?
5
Let y(h) = 5*h**2 + 3 + 0 + 0*h**3 - 9*h - 4 + h**3. Let s be y(-6). Suppose -4*v + s = t, -5*v - t + 25 = t. What is the units digit of v?
3
Let i = 192 + -64. What is the units digit of i?
8
Let s = -112 - -195. What is the units digit of s?
3
Suppose 3*t = -4*w + 41, 0 = -3*t + t - 10. Suppose r - 4*y + w = 0, r + y = 5*r - 4. Suppose -r*a = -6*a + 72. What is the tens digit of a?
1
Suppose 4*s - 3 - 5 = 0. Suppose s*k + 0 = 4. Suppose -10 = -k*j + 2. What is the units digit of j?
6
Let i be 5 - (6/3 - 0). Suppose 12 = -a + i*a. What is the units digit of a?
6
Suppose 5*i + 2*c = 63, -c - 1 = -0. Suppose r + 0*r = 2*u + i, r - 1 = -u. What is the units digit of r?
5
Suppose 0*t - 138 = -2*t + 4*r, 2*t = 5*r + 138. What is the units digit of t?
9
Suppose 97 = 5*h + 2. What is the units digit of h?
9
Let t = -9 - -34. Suppose -2*j + 6*j + 3*q - t = 0, j + 10 = -4*q. What is the units digit of j?
0
Suppose 0 = 5*a - 4*x + 8, 5 = 3*a - 5*x + 15. Let g = a + 2. What is the units digit of g?
2
Let z(h) = -h**3 + 6*h**2 - 6*h + 4. Let g be z(5). Let p(a) = -6*a - 1. What is the units digit of p(g)?
5
Let n(x) = x**3 - 7*x**2 + 8*x - 8. Suppose -1 = -5*d - 5*p + 9, 2*d = -p + 2. Suppose -5*m = -3*a - 33, d = m - 5*a + 2*a - 9. What is the units digit of n(m)?
4
Let b(d) = -d**3 + 9*d**2 + 3*d + 9. Let j be b(9). Suppose 4*y - j = -0*y. What is the units digit of y?
9
Suppose -o + 30 = 2*o. Let l = -5 + 4. What is the tens digit of ((-9)/3 - o)/l?
1
Suppose -5 = 5*p - r, -6*r = p - r - 25. Suppose -2*k + 30 = -2*q - p, 5*k = 0. What is the tens digit of (q/10)/((-1)/12)?
1
Let d be -1*((-3)/(-3) - 2). What is the tens digit of d + 14 + (0 - 3)?
1
Suppose 3*j + 3*n - 79 - 215 = 0, -3*n - 78 = -j. What is the tens digit of j?
9
Let y = 42 + -22. What is the units digit of y?
0
Suppose 4*l = -l + 10. Suppose -7*t = -l*t, 0 = i - t - 8. What is the units digit of i?
8
Suppose -28 = -4*f - 2*b, -f = -5*b - 1 + 5. What is the units digit of f?
6
Let j(o) = -142*o - 1. What is the tens digit of j(-2)?
8
Let m = 264 + -159. What is the units digit of m?
5
Let x = 0 - -2. What is the units digit of -1 + -3 + (17 - x)?
1
Suppose -i + 10 + 19 = 0. What is the units digit of i?
9
Suppose -3 = 2*v - 11. Suppose -v*h = 5*w - 3, -w - 3*h - 3 = w. Suppose 5*o + 3*b - 12 = 2*b, w*o + 2 = 4*b. What is the units digit of o?
2
Let l(g) = -g - 11. Let v = -27 + 11. What is the units digit of l(v)?
5
Let k(l) = 2*l + 13. What is the units digit of k(-6)?
1
What is the units digit of (-2 - -4) + (-1)/(1/(-5))?
7
Let p = 125 - 65. Suppose 9*x = 4*x + p. What is the units digit of x?
2
Suppose -8*i - i + 1188 = 0. What is the tens digit of i?
3
Let k be (0 - -4)*(-6 - -3). Let b be (k/(-4))/((-2)/(-4)). Suppose -b*s = -3*s - 18. What is the units digit of s?
6
Let d be -3 + 5 - (-2)/1. Suppose -2*p + d = 2*p. What is the units digit of (3 - p) + -5 + 5?
2
Let i(t) = -t**2 + 12*t + 6. What is the units digit of i(9)?
3
Suppose -6 = -4*b + 10. Suppose a - 8 = b. What is the units digit of a?
2
Suppose 5*m + g = 151, 2*m + 1 - 64 = -3*g. What is the units digit of m?
0
Let k(j) = -j + 6. Let a be k(7). Let b = 3 - a. What is the units digit of b?
4
Let w(z) = -z - 9. Let k be w(-7). Let l(n) be the second derivative of -n**3/6 - n**2/2 - n. What is the units digit of l(k)?
1
Let f(c) = 14*c**2 + c - 4. Let n(g) = -g**2 + 1. Let h(q) = f(q) + 4*n(q). What is the units digit of h(-1)?
9
Suppose 5*g + q - 285 = 3*q, 2*g - 114 = -2*q. What is the units digit of g?
7
Let x(h) = -h**2 - 9*h + 7. What is the tens digit of x(-5)?
2
Let n(w) = w**3 - w**2 - w + 1. What is the units digit of n(0)?
1
Let c(u) = -u**2 - 12*u + 7. Let g be c(-12). Suppose -5*l + g = -33. What is the units digit of l?
8
Suppose -5 = -2*t + 5. Suppose t*c = 4*z - 12, 4*z = -2*c - 0*z + 12. Suppose c*o = 2*o - 14. What is the units digit of o?
7
Let l be (-2)/(-3)*(-1 + -2). Let n be 1/((-15)/(-6) + l). Suppose a = -2*h + 3*h + 5, 5*a - n*h - 19 = 0. What is the units digit of a?
3
Suppose -2*y + 2*s + 117 = 7*s, -s - 133 = -3*y. Suppose 3*a - y = -4. What is the tens digit of a?
1
Suppose 0 = -9*p + 12*p - 189. What is the tens digit of p?
6
Let b(y) = -2*y - 6. Let t be b(-5). Let s be 2/8 + (-1)/t. Suppose -m + s*m = -3. What is the units digit of m?
3
Suppose 2*n - 16 = -0*n. Suppose 5*r - 58 = -n. What is the units digit of r?
0
Let v(m) = 8*m**2 + m + 1. Let p be v(-1). Suppose p = g + j - 2*j, 5*j + 26 = 3*g. What is the units digit of g?
7
Let h(k) = k**3 + 9*k**2 - 15*k. What is the hundreds digit of h(-7)?
2
Suppose 2*j = 3*j - 3*x - 15, 36 = 4*j - 4*x. Let q = 9 - j. What is the units digit of q?
3
Suppose 28 = 2*z - 0*z. What is the units digit of z?
4
Suppose 3*o - o - l = 64, -4*l + 107 = 3*o. What is the units digit of o?
3
What is the units digit of ((-4)/3)/(-4) - 735/(-9)?
2
Suppose -4*q = -4*l + 128, 3*l + 5*q + 30 - 102 = 0. Suppose 0 = -4*v - l - 27. What is the units digit of (-136)/v - 4/(-14)?
0
Suppose -3*d - 10 = -5*d + 5*b, -5*b = 3*d + 10. Suppose d = 4*g - 2*g. Suppose 4*s + 7 - 35 = g. What is the units digit of s?
7
Suppose 0 = n - 3*n - 10, n = 5*t - 845. What is the tens digit of t